et a(v) = v**3 + 7*v**2 + 5. Calculate the remainder when a(-6) is divided by 1/(1 - 26/28).
13
Let w(y) = y**3 + 5*y**2 - 7*y + 3. Calculate the remainder when w(-6) is divided by 2.
1
Suppose -2*g = -y + 22, y = -4*g + g + 7. Calculate the remainder when y is divided by 9.
7
Let l be ((-28)/8)/((-3)/18). Let k = -15 + l. Calculate the remainder when 15 is divided by k.
3
Let o = 98 + -44. Calculate the remainder when o is divided by 14.
12
Let d(p) = -2*p + 14. Let c be d(6). Suppose -3*h - 4 = -4*h - c*q, -h = -3*q - 4. Calculate the remainder when 5 is divided by h.
1
Let x = -16 + 27. Calculate the remainder when (7 + 116/(-20))/((-2)/(-50)) is divided by x.
8
Let n(s) = s + s**3 + 4*s**2 - s**3 - 2 - s**3. Let z be n(4). Let w = 3 + z. Calculate the remainder when 9 is divided by w.
4
Let v = -8 - -4. Calculate the remainder when (-17)/3*(3 - 6) is divided by (-44)/(-8) + (-2)/v.
5
Let d be -2 + (-1 - -2) + 1. Suppose d = k - 6*k + 110. Let z = -3 + k. Calculate the remainder when 36 is divided by z.
17
Suppose -2*r = -3*i + 4, -4 = -0*r - 5*r + 4*i. Suppose 2*g = r*g. Suppose g = 2*v + 10, 3*v + 7 = -2*q - 0*v. Calculate the remainder when 11 is divided by q.
3
Let q = -34 + 47. What is the remainder when -1*2 - 20*-2 is divided by q?
12
Let d = 28 + -2. Calculate the remainder when d is divided by 14.
12
Suppose 5*k = 0, -40 = y - 6*y + 5*k. Calculate the remainder when 31 is divided by y.
7
Let i be 2008/10 - (-2)/10. Let l be 1*(-2 - (2 - 2)). What is the remainder when 25 is divided by l/5 - i/(-15)?
12
Let s(z) = -2 - 3 - z + 4. What is the remainder when s(-7) is divided by (-3 - -2) + 7 - 2?
2
Suppose 5*t + 20 = y, -y + t = 3*t + 8. Suppose 0 = 4*k + 5*n - 151, -k + 2*n - n + 40 = y. Calculate the remainder when k is divided by 21.
18
Let s(l) = -l**2 - 9*l - 4. Let w be -1*(-3)/((-9)/60). Let j = w - -66. Calculate the remainder when j is divided by s(-4).
14
Suppose 4*i + 5*x = -10, 4*i + 9 = i - 3*x. Let q = -2 - i. Calculate the remainder when 10 is divided by q.
1
Let w(k) = -k**2 - 2*k + 2. Let j be w(0). Calculate the remainder when 642/10 + j/(-10) is divided by 17.
13
Suppose -5*p = -2*p - 12. What is the remainder when 5 is divided by p?
1
Let y(w) = w**3 - 2*w**2 + 2. Let k be y(2). What is the remainder when ((-4)/k)/(2/(-12)) is divided by 7?
5
Let k = 44 + -30. Suppose 140 = 5*m + 5. Calculate the remainder when m is divided by k.
13
Suppose -3 = -3*k + 9. Suppose k*u + 0*u = 24. What is the remainder when 16 is divided by u?
4
Let j = -9 + 12. Let u = 4 - 2. Calculate the remainder when j is divided by u.
1
Let a(k) be the first derivative of 3*k**4 + k**3/3 + 2. Let y be a(-1). Let v = y - -23. Calculate the remainder when 22 is divided by v.
10
Suppose -43*t + 15 = -40*t. Calculate the remainder when t is divided by 4.
1
Let g(c) = 11 + c**3 + c**2 + 3*c - 4*c + 0*c**2. Let s(u) = -u**3 + 8*u**2 + 14*u - 13. What is the remainder when s(9) is divided by g(0)?
10
Let o(w) = 17*w - 1. Let f(d) = -39*d - 8. Calculate the remainder when f(-1) is divided by o(1).
15
Let h be 3 + 4 - 4/2. Suppose 4*y + 4*r = 60, y - h = -2*r + 5. Calculate the remainder when y is divided by 11.
9
Let t = 4 + -4. Suppose 0 = 5*s - t*s - 15. What is the remainder when 4 is divided by s?
1
Let l = 15 + -10. Calculate the remainder when 13 is divided by l.
3
Suppose 0 = 4*k - 5*d - 69, -3*k - 4*d + 0 + 13 = 0. What is the remainder when (-1)/2*(-3 - 37) is divided by k?
9
Let g = 9 - 0. Let i(y) = 4*y**2 + 3*y - 11. What is the remainder when i(3) is divided by g?
7
Let z(t) = 2*t**2 + 6*t - 3. Calculate the remainder when z(4) is divided by 4*(85/(-20) + 7).
9
Let y = 13 - 23. Let a = 0 - y. Suppose -2*p - w + 37 = 0, 0*p - 2*p - 2*w = -36. Calculate the remainder when p is divided by a.
9
Suppose z + 162 = 4*z. Suppose -18 + z = 3*h. Suppose -17 = 3*s - 119. Calculate the remainder when s is divided by h.
10
Suppose 43 = -3*d + 133. Suppose -2*m = -5*m + 36. Let c = m + 4. Calculate the remainder when d is divided by c.
14
Suppose -5*t - 222 - 163 = 0. Let c = t - -155. What is the remainder when c is divided by 20?
18
Suppose -5*a - 9 = -8*a. Calculate the remainder when a is divided by (-2)/4*(-4 + -2*1).
0
Let t = 24 - 11. Let n(q) = 4*q**3 + 2*q**2 + 2*q + 1. Let g be n(-1). Let l(f) = -2*f + 1. What is the remainder when t is divided by l(g)?
6
Suppose 15 = y - 5*j, 0*y + 39 = 2*y - j. Suppose -2*o - o = -2*d + 141, -o - 151 = -2*d. What is the remainder when d is divided by y?
18
Let x(o) = -8*o**2 - 2*o**3 + 2*o**2 - 4*o + 3*o**3. What is the remainder when 40 is divided by x(7)?
19
Let w be (8/3)/((-7)/(-84)). Let u = w - 14. What is the remainder when 53 is divided by u?
17
Suppose -5*c + 2*a = -4*c - 18, -2*c - a + 36 = 0. What is the remainder when 106 is divided by c?
16
Let d(n) = 5*n + 12. Calculate the remainder when d(5) is divided by 10.
7
Let o(p) = -p**3 - 9*p**2 - 8*p + 7. Suppose 4*d = d + 84. Suppose 3*z + 4*w + d = 0, 14 + 15 = -3*z - 5*w. What is the remainder when 19 is divided by o(z)?
5
Suppose 3*b = 37 - 10. Calculate the remainder when 35 is divided by b.
8
Let x be -1*12/(-2 - 1). Suppose 0 = 3*o - 5*s - 26, -x*o + 3*s + 43 = -2*s. What is the remainder when o is divided by 9?
8
Suppose -y + 2 = -2. Let q(d) = -d**2 + 9*d - 6. Let x be q(8). Let j = x + 5. What is the remainder when j is divided by y?
3
Suppose f - 2*f - l = -10, -5*l - 4 = -f. Let b be 3/(-12) + 78/(-8). Calculate the remainder when (-62)/(-4) - b/(-20) is divided by f.
6
Suppose 860 = 2*m + 2*m - 4*y, -3*m = y - 657. What is the remainder when m is divided by 20?
18
Suppose -1 = 2*i - 3, -3*b + i = -11. What is the remainder when 15 is divided by b?
3
Let n(p) = -18*p - 10. Let q(t) = -6*t - 3. Let r(z) = 2*n(z) - 7*q(z). Let m = 34 - 26. What is the remainder when r(m) is divided by 13?
10
What is the remainder when 61 is divided by (-134)/(-6) - 2 - 4/(-6)?
19
Let p(n) = 4*n**2 + n. Let j be p(1). Let k(c) = c**3 - 5*c**2 + 2*c. Calculate the remainder when 39 is divided by k(j).
9
Let v be (1 + 9)/(0 + 2). Suppose v*y + 82 = 397. What is the remainder when y is divided by 16?
15
Suppose 14 = 5*k + 4. Calculate the remainder when 4 is divided by k.
0
Suppose -6*s - 40 = -2*s. Let c be (s/(-8))/((-1)/(-20)). Let r = c - 13. Calculate the remainder when 47 is divided by r.
11
What is the remainder when 71 is divided by (-4)/16 - (-146)/8?
17
Let b = 4 + 0. Let t(z) = -z + b*z + 4 - 10. Calculate the remainder when 23 is divided by t(6).
11
Let n(j) = -21*j. Let k be n(-1). Suppose -r + 22 = -k. Suppose 23 = w + o, 4*o - 48 = -2*w - 0*o. What is the remainder when r is divided by w?
21
Let b = -1 - -6. What is the remainder when (6/b)/(20/550) is divided by 9?
6
Suppose z = 4*z + 2*w - 8, -5*w + 20 = -3*z. Suppose y - 6*y + 65 = z. What is the remainder when y is divided by 7?
6
Suppose -27 = -3*q + 2*n, 0*n = -4*n. What is the remainder when 13 is divided by q?
4
Let m = 5 + 9. What is the remainder when 40 is divided by m?
12
Let n be ((-6)/(-8))/((-1)/4). Let g = n - -5. Suppose g*x - 7*x + 95 = 0. What is the remainder when x is divided by 10?
9
Suppose 0 = 5*b - 35 - 15. Suppose 0 = -4*j - 3*d - 2, 4*j = -d + 2*d - b. Calculate the remainder when 18 is divided by -10*-1*j/(-2).
8
Let y(o) = o**3 + 3*o**2 - 9*o - 3. Calculate the remainder when y(-4) is divided by 6.
5
Suppose 2*u - 3 - 5 = -5*y, -2*y + 32 = 4*u. What is the remainder when 15 - (-1 - -2)/(-1) is divided by u?
7
Suppose 4*y - 3 = 5. Let p(g) = -g. Let a be p(2). Let o = 0 - a. Calculate the remainder when o is divided by y.
0
Let a be 188/36 - 2/9. Suppose -12 = 4*d, -a*z + 6 + 1 = d. Suppose 2*f - 6*b - 18 = -2*b, -3 = 4*f + 5*b. What is the remainder when f is divided by z?
1
Suppose 2*q + q = -54. Let k be (4/3)/((-3)/q). Let c = k + 5. What is the remainder when c is divided by 5?
3
Suppose 5*k + 49 - 144 = 0. Calculate the remainder when 75 is divided by k.
18
Let o = 27 - 25. What is the remainder when 3 is divided by o?
1
Let j be (-146)/(-4)*2 - 0. Let l = -27 + j. Calculate the remainder when l is divided by 16.
14
Calculate the remainder when 25 is divided by (-15)/35 + (-52)/(-7).
4
Suppose 0 = x + a - 4*a - 12, -x - 3*a - 18 = 0. Let q(t) = -t**2 + 2. Le